remainder when w is divided by b.
20
Let i be -2 + (-4 - -7 - 9). Let a be 9*(-4)/i*(-8)/(-3). Suppose 60 = 6*r - a. Calculate the remainder when 40 is divided by r.
4
Let o = 314 - 315. What is the remainder when (1 + 158)/((-1)/o) is divided by 40?
39
Let h(m) = m**2 + m + 1. Let v(n) = 7*n**2 - 6*n + 5. Let t(k) = 6*h(k) - v(k). What is the remainder when 68 is divided by t(5)?
32
Suppose n + 3 = k, 2*n - 10 = -5*k + 5. Suppose -4*p = n, 3*y - 78 = 8*p - 11*p. Calculate the remainder when 414 is divided by y.
24
Suppose -10*o = 2*o + 3829 - 14125. What is the remainder when o is divided by 7?
4
What is the remainder when 16608/9 + (40/(-90))/(2/6) is divided by 132?
128
Let n(x) = -x**2 + 64*x - 707. What is the remainder when n(42) is divided by 49?
21
Let r = -2729 - -2780. Calculate the remainder when 135 is divided by r.
33
Suppose n + 3*k = 881, 0 = 773*n - 769*n + k - 3491. Calculate the remainder when n is divided by 56.
32
Suppose 3 = 19*b - 18*b. Suppose -5*v - 24 = -u, u = b*u - 2*v - 32. Suppose 5*h + t - 116 = 84, 2*h - 73 = t. Calculate the remainder when h is divided by u.
11
Suppose -16 - 19 = -3*c + 5*j, 5*c = 5*j + 45. Suppose c*m = 10, -4*s + 3*m - 102 = 24. Calculate the remainder when 17 is divided by (-12)/s - 36/(-10).
1
Let p be 3800/(-68) + (-4)/34. What is the remainder when 148 is divided by 2/7 + 8/p*-355?
46
Let p = -12896 + 12915. What is the remainder when 841 is divided by p?
5
Let k = 3744 + -3574. Calculate the remainder when k is divided by 75.
20
Calculate the remainder when (-664)/(-3) + 7 - (-14)/21 is divided by 55.
9
Suppose -2*i + 24 = -i. Let o(t) = -2*t + 10*t**2 + 49 + 6 + 26*t**2 + 10*t**3 + 34 - 11*t**3. What is the remainder when i is divided by o(36)?
7
Let s(x) = -x**3 + 10*x**2 - 9*x + 6. Let r be s(9). Let z(g) = 2*g**2 - 9*g + 68. What is the remainder when z(r) is divided by 15?
11
Suppose 0 = 5*g - 0*g + 85. Let q be (17 + g)*1*-1. Suppose -2*u + 2*i + 22 = q, -2*u + 27 = -i + 1. What is the remainder when 26 is divided by u?
11
Let y(d) = d**2 + d + 37. Let z be y(0). Suppose 0 = 4*v - z + 25. What is the remainder when ((-3091)/(-55) - (-2)/(-10)) + v is divided by 16?
11
Suppose 4*x = -3*y + 42161, -7244 = 6*y - 4*x - 91614. What is the remainder when y is divided by 4686?
1
Let t = 56 + -72. What is the remainder when 529 is divided by (-53*(-8)/t)/(2/(-4))?
52
Suppose -23*b + 18546 = -18208. What is the remainder when b is divided by 31?
17
Let l be 2*(-6 - (3 + -8)). Let d(x) = -10*x**3 + 2*x**2 + 6*x + 1. Calculate the remainder when d(l) is divided by 13.
12
Let u(q) = q**3 + 12*q**2 + 8*q - 33. Let h be u(-9). Let v = -44 + h. Let m = v + -70. Calculate the remainder when 119 is divided by m.
23
Let a(z) = -z**2 + 12*z + 7. Let c = -9 - -15. What is the remainder when 123 is divided by a(c)?
37
Let l = -51 - -56. Suppose 0 = 3*z - 2*t - 88, l*z = 3*z + 2*t + 58. Let c = 38 + 80. Calculate the remainder when c is divided by z.
28
Let o = 14263 + -14257. What is the remainder when 4023 is divided by o?
3
Suppose 5*j - 55 = -0*j. Suppose -7*g + 663 - 33 = 0. Suppose c = -z + 37, 3*c + g = 5*c - 2*z. What is the remainder when c is divided by j?
8
Let q = 2669 - 2660. Calculate the remainder when 1411 is divided by q.
7
Let k = 64 - 62. Suppose -y = 4*z - 7, z - 29 = -2*y - k*z. What is the remainder when 54 is divided by y?
16
Let l = -156 + 169. Calculate the remainder when 1584 is divided by l.
11
Let u(y) = -2*y**3 + 5*y**2 + 24*y + 1. What is the remainder when u(-5) is divided by 248?
8
Suppose 3*i - 28 = 2*i. Let t = 197 - 169. Suppose -k + 83 + t = 0. Calculate the remainder when k is divided by i.
27
Let o(n) = 23*n**2 - 50*n - 5. Suppose -133 = -5*c + 42. What is the remainder when o(6) is divided by c?
33
Let r = 39 + -8. Calculate the remainder when 93 + (-13 + 5 - -9) is divided by r.
1
Suppose -1727 + 8607 + 10483 = 97*c. What is the remainder when 196 is divided by c?
17
Suppose -102*d - 167*d = -32280. Calculate the remainder when d is divided by 66.
54
Let b(x) = 160*x - 780. Calculate the remainder when 64 is divided by b(5).
4
Suppose 0 = 5*y + 2 - 27, -3*h + 5*y - 13 = 0. Suppose -2*b = h, 6*p - p - 90 = 5*b. What is the remainder when 46 is divided by p?
14
Let p = 44 - 26. What is the remainder when (502 - 24) + -18 + 22 is divided by p?
14
Suppose 7*m - 2*q + 164 = 945, -m + 2*q + 115 = 0. Calculate the remainder when 886 is divided by m.
109
What is the remainder when 4431/(3 - -4) - -10 is divided by 42?
13
Let m(q) = 15*q - 28*q + 12*q + 13. Let a(c) = -c**2 - 9*c + 4. Let s be a(-11). What is the remainder when m(s) is divided by 11?
9
Let w(b) = -107*b + 685. What is the remainder when 376 is divided by w(6)?
32
Let p(v) = -v**3 - v + 16. Let s(a) = a**3 + 4*a**2 - 4*a - 1. Let t be s(-5). Let u(x) = 3*x**2 - 33. Calculate the remainder when u(t) is divided by p(0).
11
Let g(v) = v**3 + 14*v**2 - 33*v - 19. Let s be g(-16). What is the remainder when (3/(s*4))/(4/(-208)) is divided by 4?
1
Let w be (-928)/(-493) - (-6)/51. Suppose -x + w*x + 4*r = 35, 0 = -2*x + 2*r + 30. Calculate the remainder when x is divided by 10.
9
Suppose 7*i - 53 = 3*i - 5*w, -2*i + 39 = 5*w. Calculate the remainder when ((-280)/(-10) - 26)*446/4 is divided by i.
6
Let h = 188 + -183. Suppose 0 = -2*s - 2*s - h*c + 189, -3*s + 141 = 3*c. Calculate the remainder when 135 is divided by s.
43
Let r = -49 + 65. Suppose -1662*n + 1635*n = -6885. What is the remainder when n is divided by r?
15
Suppose 14*c = 1333 + 1033. What is the remainder when c is divided by 50?
19
Suppose 0 = 5*r + 250 - 215, -3*r = -2*c + 2731. Calculate the remainder when c is divided by 1348.
7
Let p be 5 + 3/(-6)*-6. Suppose -p = -y - y. Suppose 0 = -2*h - 5*u + 9*u + 40, h + u = 29. What is the remainder when h is divided by y?
2
Let h = -16089 + 16120. What is the remainder when 1329 is divided by h?
27
Let y = -32 - -45. Calculate the remainder when 866 is divided by y.
8
Suppose -g = 4*g - 20. Suppose -5*b = -w + 28, -5*b + 64 = -g*w + 7*w. What is the remainder when 111 is divided by w?
19
Let p = -56 - -151. Suppose -6*j - 5*w = -11*j + 130, -5*j + p = 2*w. Calculate the remainder when j is divided by (-3)/(-81)*9*24.
5
Suppose -y - 3 = -2*y. Calculate the remainder when y is divided by -1*2 - 0 - (63 + -67 + -1).
0
Let k be 48/(1 + 1) + 1 + -1. Suppose 6*p - k = -0*p. Suppose 0*x - x + 91 = -j, p*j - 12 = 0. What is the remainder when x is divided by 19?
18
Suppose -d - 48 = 2*d - 2*x, -31 = 2*d - x. Let g = 46 + d. Suppose 0 = 12*l + 12 - 1908. Calculate the remainder when l is divided by g.
30
Suppose -l + 25 = -4*u, -12 = 3*l - 3*u - 42. Let a = 34 - 14. Calculate the remainder when a is divided by l.
0
Suppose 5*l + 5*u + 5 = 0, -u - 6 = -2*l + 4. Suppose l*d - 505 = -4*n, -d - 6*n + 171 = -2*n. Let s = -5 + 29. Calculate the remainder when d is divided by s.
23
Let c = -13 - -23. Suppose -3*s - 86 = -2*w, -27 = s - 3*w + 4. What is the remainder when (s/(-42))/(4/522) is divided by c?
7
Let k = 248 + -244. Suppose 0 = k*w + 3*m - 83 - 36, -2*w + 3*m + 73 = 0. Calculate the remainder when w is divided by 11.
10
Suppose 0*j = 9*j + 8451. What is the remainder when 1/8 + j*(-35)/120 is divided by 55?
54
Let g(f) = -61*f - 1950. Calculate the remainder when g(-35) is divided by 12.
5
Suppose -f + 162 = 24. Suppose 4*m - 2*r + f = -18, 4*m = 5*r - 144. Let y = m + 54. Calculate the remainder when 38 is divided by y.
12
Let s be (4 - 3) + -2 + 3. Suppose s*j - 5*z - 13 = 15, -12 = -2*j + z. Suppose -j*a + 19 = -13. Calculate the remainder when 54 is divided by a.
6
Let l be (90/(-25))/(12/(-80)). Suppose -8*q = -4*q - l. What is the remainder when 28 is divided by q?
4
What is the remainder when 1619 is divided by ((-406)/(-5))/(-8 - (14 + (-336)/15))?
198
Let k(a) be the third derivative of a**5/10 - a**4/8 + a**3/2 + a**2. Suppose -244*p - 57 = -247*p. Calculate the remainder when k(-4) is divided by p.
16
Let k = 163 - -42. Let i(q) = -317*q - 1254. Calculate the remainder when k is divided by i(-4).
9
Let t be -9*(4 - 33/9). Let z(o) be the third derivative of -59*o**4/24 - 2*o**3/3 + 4*o**2 + o. Calculate the remainder when z(t) is divided by 22.
19
Let w(l) = 38*l - 434. Suppose 3*z - 70 + 34